((47 - 55) + (1 - 2))
-9
Calculate -2 + 0 + 10 - (7 - 2).
3
Evaluate 9 + -3 - (8 + 7).
-9
What is -1 + 3 + -1 - (-5 + 1)?
5
Calculate -6 - (2 - (-2 - -8)) - 4.
-6
-2 - (19 - 11 - 8)
-2
(2 - -1) + (7 - 10) - -6
6
Evaluate -3 + (3 - 0) + (-2 - -2).
0
Evaluate (-12 - (15 - 13)) + 16.
2
What is 0 - ((-4 - -7) + 0)?
-3
What is -9 - -5 - (-2 - 4)?
2
Calculate 0 + -1 + -4 + 3.
-2
Calculate (-2 - 3) + (-48 - -48).
-5
Calculate (0 + 0 - 1 - 5) + 5.
-1
Evaluate -8 - ((0 - 2) + -5).
-1
What is -33 - -28 - (2 + -10)?
3
What is the value of 4 - 2 - 3 - -4?
3
What is (3 + 3 - (11 - 8)) + 3?
6
What is (-8 - 0) + (-30 - -40)?
2
What is the value of -4 + -2 + (3 - (-1 + 3))?
-5
What is 16 + -32 + (9 - 0)?
-7
(-11 - -10) + (-12 - -6 - 2)
-9
Calculate 0 - (4 + -10 - -2).
4
Calculate -5 + (-4 + 3 - -12).
6
What is the value of (-7 - (9 + -30)) + -8?
6
What is the value of -5 + -1 + 5 - -6?
5
Evaluate 15 + -17 - (-1 - 2 - 0).
1
Calculate -4 - (2 - 2) - -8.
4
Calculate 3 + -3 + 3 + 1.
4
4 + -1 + -23 + 19
-1
Evaluate (-2 - (2 + -4)) + (-3 - 1).
-4
What is the value of -11 + 3 + 24 + -21?
-5
Evaluate -2 + (2 - 7) - (-31 + 27).
-3
What is the value of -3 - (-1 - (-4 + 4 + -3))?
-5
-7 + (-4 - (-6 - 1))
-4
What is (0 - (-6 + 3)) + 23 + -22?
4
What is the value of 14 - (31 + -30 + 6 + -1)?
8
(0 - -1) + 1 - (-7 + 8)
1
Evaluate 3 - -1 - -3 - 1.
6
Calculate 8 - 2 - 3 - (-2 - 0).
5
Calculate 11 + 3 + -1 - 16.
-3
Calculate -1 - (-5 + (7 - 0)).
-3
Calculate (-3 - (0 + -1)) + 2 - 0.
0
Evaluate 0 + 1 - (5 + 1).
-5
(-3 - 1) + (-4 - (-13 + 8))
-3
-1 + (-1 + 4 - (22 - 18))
-2
Calculate (-5 - -5) + (2 - 9).
-7
5 + -3 + (-1 - -7) - 6
2
Calculate 21 + -10 + -6 + -13.
-8
What is 2 + (-7 + 18 - 8)?
5
What is the value of 2 + (-2 - (1 + (8 - 4)))?
-5
What is -8 + 1 + -3 + 2 - -3?
-5
-1 - -5 - (-7 + -2 + 8)
5
Calculate -12 - -20 - (1 + 4).
3
What is 3 + (-5 - -3) - (6 - 1)?
-4
What is the value of -5 - (-6 + 0) - 6?
-5
Evaluate 6 + (-23 - (1 + -9)).
-9
What is (8 - 1) + -2 + 0?
5
What is the value of -7 + 3 - (3 + -3 - 8)?
4
Calculate (-2 - -1) + (1 - (-8 - -5)).
3
(18 - 6) + -8 - (-3 + 1)
6
What is -1 + 0 + 3 + 2?
4
What is the value of (-2 - -7) + -7 + 4?
2
What is the value of 21 + -14 - (-3 - -1)?
9
What is the value of -3 + 6 + (4 - (1 - -5))?
1
Evaluate -3 + 6 + (7 + -11 - 0).
-1
5 + 2 + (0 - 4)
3
10 + -1 + -2 + (0 - 1)
6
What is 4 + 1 + (-53 - -42)?
-6
Calculate -4 - ((-10 - -12) + -4 + -1).
-1
What is the value of 6 - (-11 + 15 - -1)?
1
Evaluate -10 - -6 - (-6 + -6).
8
Calculate 0 - -2 - (-18 + 22).
-2
What is the value of -1 + -2 + -4 + 4 - -2?
-1
What is 9 + -13 + -3 + -1 + 2?
-6
What is the value of -7 + (4 - -10) + -6?
1
What is the value of (4 - 5) + -5 + 4 - -3?
1
Evaluate (2 - 9) + (-3 - -11).
1
Calculate -20 + 17 - (-12 - 1) - 5.
5
What is the value of 1 - (2 + 0 + -5)?
4
What is -1 - (4 + -7 + -1)?
3
What is the value of 1 - (6 - (-8 + 12))?
-1
2 - ((-2 - (0 + -2)) + 6)
-4
What is -3 - ((-4 - 7) + 0)?
8
(-50 - -43) + -1 + 13
5
Calculate -232 + 231 + (0 + -1 - -1).
-1
What is 9 - (3 + (8 - (8 + -3)))?
3
Evaluate -2 + 1 - -4 - (-15 - -15).
3
Calculate 6 - (10 - (10 - 5)).
1
What is the value of -3 + 1 + (-2 - -2) + 1?
-1
What is (5 - 1) + 0 + (-9 - -1)?
-4
What is ((-5 - -4) + 3 - 6) + 5?
1
Calculate 0 - (9 + -8 - 6).
5
7 + -3 + (-9 - -5) + -5
-5
Evaluate 16 + -10 - (-3 - -16 - -3).
-10
What is the value of 0 + (0 - (14 + -7))?
-7
What is the value of -5 + -3 - (-12 - 0)?
4
-2 - (-2 - (-7 + 2))
-5
Calculate 9 - (9 - 4 - 0).
4
Calculate -239 + 232 + -1 + 2 + 6.
0
Calculate -2 + 7 + (5 - 9) + 5.
6
What is the value of (-1 - -1) + -3 + 4 + -3?
-2
Calculate 36 + -32 - (9 + -1).
-4
What is -8 - (-4 - (-5 + 7))?
-2
-6 + 4 + (-1 - 3 - -8)
2
8 - 3 - (12 + -5)
-2
What is -5 - -11 - (0 + -1 - -7)?
0
Evaluate 1 + (-5 - -9) + -3.
2
(1 - -3) + (-2 - 2)
0
What is the value of -8 - (-3 - (-6 - -6 - 1))?
-6
Evaluate 1 - (-9 - -5 - -2) - -1.
4
Evaluate 2 - (-4 + 5 + 1).
0
Calculate -8 + -1 + 1 + 3.
-5
What is -1 - 2 - -1 - (-41 + 34)?
5
6 + -3 + (0 - 5)
-2
Evaluate (-10 - -5) + -2 + 3 + 2.
-2
-3 + (4 - (3 - 2)) + 4
4
Evaluate 0 - (5 - -3) - -4.
-4
What is the value of 4 + (-7 - (-10 + 4 + 5))?
-2
What is the value of -1 + (-8 - -5 - 1) + 0?
-5
Evaluate -1 + 1 + 28 + -26.
2
-5 + -1 + 3 + -2
-5
What is 6 + -14 + 10 + 0 + -10?
-8
What is 0 + (-2 - -2) + 0?
0
What is -5 + (6 - 0) + -2 + 6?
5
What is -2 - -7 - (9 - -2) - -1?
-5
What is the value of 7 + (-11 - (-6 - -3))?
-1
What is -2 - (-1 - 5) - (74 - 76)?
6
Calculate 1 + -13 - (-70 - -58).
0
Calculate (82 - 91) + (2 - 1).
-8
1 + -3 + (-1 - -2)
-1
-1 + (-1 - -1 - (5 + -6))
0
-4 + 1 - (3 + -2 - 2)
-2
Calculate -1 + (5 - 1 - -1 - 3).
1
Calculate -1 + (-3 - 0) + 4.
0
What is 5 + -6 + 2 - 5?
-4
Calculate 8 + -7 - -2 - 7.
-4
Evaluate (-3 - (-2 - 3)) + -1.
1
Calculate -5 + 4 + 3 + 3.
5
What is the value of 4 - (2 - (-2 + -2))?
-2
What is -7 + 2 + (0 - 3 - -6)?
-2
What is the value of 164 + -165 + (2 - (-1 - 7))?
9
0 + (-5 - (0 + -4)) + 4
3
What is the value of -4 + -3 + 5 + 4?
2
(2 - -3) + -23 + 24
6
Calculate 11 - 7 - (3 + -2 + 1).
2
0 - ((-7 - -2) + (5 - 0))
0
Evaluate -1 - (-2 - (-7 + 5 + 5)).
4
Calculate -6 + (6 - 4 - -2).
-2
Evaluate 1 - -3 - (11 + -8 + 3).
-2
What is -6 + 1 + (1 + 0 - 2)?
-6
What is 2 + 5 + 0 - (5 - 2)?
4
-9 + -6 + 3 + (7 - 1)
-6
-2 - (-3 + (0 - (-1 - 2)))
-2
-1 - (-7 - -4) - (1 - 0)
1
What is -3 + (3 - 2 - 0) + 6?
4
What is 2 + (1 - -1) - 4?
0
What is 7 + (-7 - (-9 + 5 + 0))?
4
What is 4 - (-2 + 2 + 3 + -2)?
3
What is 2 + -2 + 5 - 2?
3
Calculate -5 + 2 + 1 + 1.
-1
Calculate (-1 - 0 - -4) + -1 + -7.
-5
-3 + -2 + 0 + 7
2
Calculate 257 + -259 + -1 + (-1 - -2).
-2
Calculate -4 - 0 - -4 - (-1 - 2).
3
Evaluate 1 + 7 + -1 + -15.
-8
What is the value of 4 + -4 - (7 - 2) - -1?
-4
-3 - -8 - (3 - 0)
2
5 - (3 - (-3 - -4))
3
Evaluate -10 + (1 + 1 - -3).
-5
What is -1 + (5 + 3 + -8 - -5)?
4
What is 0 + (1 + 2 - 6)?
-3
-2 + (-2 - 1) + 8
3
What is the value of 3 + (-5 + 8 - 2)?
4
Calculate (3 - -2) + (1 - 4) + 1.
3
Evaluate 3 - 1 - (0 - (3 + -1)).
4
Calculate 1 - (0 + 3) - 2.
-4
What is (0 - 0) + -2 + 7?
5
What is the value of (4 - 11) + 5 + -3 - -12?
7
What is -6 + -1 + (1 - -9)?
3
What is -6 + 9 + 5 + (5 - 4)?
9
13 + -2 + -1 - 13
-3
What is 0 - (0 - 2) - (-2 + 7)?
-3
What is the value of 96 - 91 - ((-2 - 0) + 3)?
4
-69 - -86 - (-1 + 11 + -3)
10
Evaluate -1 + 4 + -6 + 1 + -4.
-6
What is the value of 6 + -10 - 2 - -7?
1
What is (-6 - -11 - 10) + 7?
2
What is the value of -6 + 1 + -13 + 22?
4
Calculate 14 + -11 + (-1 - -4).
6
0 + (8 - 0) + -4
4
What is the value of (2 - 1) + (3 - -1) + -2?
3
Evaluate -1 + (2 - 6 - -3).
-2
What is -5 + (-2 - -3) - (-1 + 5)?
-8
Evaluate 1 + 6 + -8 + -4 + 2.
-3
Evaluate 0 + 5 + (4 - 6 - 0).
3
-5 - ((2 - (3 + 1)) + -2)
-1
What is the value of (-21 - -21) + (3 - 2)?
1
Evaluate (-3 + -1 - -4) + -3.
-3
What is -4 - (-6 - (-6 + 4 + 1))?
1
What is the value of -1 - -10 - 4 - 4?
1
What is 0 + (-1 + -1 - -1)?
-1
Evaluate -1 + (-11 - -7) + 2.
-3
What is the value of -18 + (-9 - -4 - -15)?
-8
Calculate -3 + -2 + -2 + 12.
5
What is -4 + (20 - 10) + (-1 - 9)?
-4
Calculate 14 + (1 - 8) - 9.
-2
What is the value of (4 - (3 + -8 + 2)) + 0?
7
What is the value of (-3 - (-1 - 6)) + -4?
0
Evaluate -3 + 2 + 4 + -1.
2
What is (3 - (5 - 4)) + -7?
-5
Calculate (18 - 0 - (-26 + 29)) + -8.
7
Evaluate 2 + -2 + 19 + -13.
6
Calculate -8 + (7 - (8 - 12)).
3
Calculate (1 - -2) + (11 + -1 - 3).
10
What is the value of (0 - (-3 - -6)) + 6 - -1?
4
Calculate (-8 - -3) + 3 + 1 + -2.
-3
-2 + -2 + 6 + -10 + 7
-1
Calculate 0 + (-4 - -8) + -1.
3
Evaluate (-5 - -3) + -17 + 13.
-6
What is the value of -2 + 10 + 0 + -17 + 13?
4
What is (-4 - -4) + 0 - -4?
4
Calculate -2 + 4 + -5 + 5.
2
What is the value of (2 - 0) + (26 - 25) + -6?
-3
What is 7 + 1 + -5 + -2?
1
What is the value of -2 - ((9 + -7 - 3) + -10)?
9
What is the value of (2 + 4 - (-3 + 5)) + -3?
1
What is the value of 1 - (6 + -1) - -6?
2
What is the value of 2 - (4 + -3 - -1)?
0
What is -11 + (0 - -6) + 12?
7
Evaluate -1 + -7 - (21 + -26).
-3
What is the value of 7 + (-8 + 2 - 1)?
0
Evaluate 7 + -8 + -19 - -11.
-9
Evaluate -2 + -1 - (-8 - -4).
1
-1 + 2 + 1 + 2
4
Calculate (-8 - 1) + -6 + 16.
1
What is the value of -1 + -1 - (-13 + -19 + 34)?
-4
Calculate -1 + (2 - 6) + 11 + -1.
5
-2 + (